22?
False
Is 2280 a multiple of 10?
True
Is 664 a multiple of 8?
True
Does 12 divide 70711?
False
Is 76 a factor of 26372?
True
Does 23 divide 37443?
False
Does 5 divide 164?
False
Does 21 divide 3318?
True
Is 6507 a multiple of 15?
False
Is 1866 a multiple of 31?
False
Is 7084 a multiple of 14?
True
Is 6 a factor of 360?
True
Is 8050 a multiple of 81?
False
Is 240 a multiple of 5?
True
Is 85 a multiple of 5?
True
Is 4783 a multiple of 3?
False
Does 103 divide 5150?
True
Is 7 a factor of 1063?
False
Does 8 divide 32?
True
Does 35 divide 175?
True
Is 824 a multiple of 83?
False
Is 46 a factor of 4274?
False
Does 14 divide 252?
True
Is 60 a multiple of 30?
True
Is 12258 a multiple of 3?
True
Is 75174 a multiple of 51?
True
Is 12 a factor of 9880?
False
Does 13 divide 1274?
True
Is 5940 a multiple of 27?
True
Is 2381 a multiple of 22?
False
Is 4 a factor of 7828?
True
Is 113 a multiple of 2?
False
Is 38 a factor of 304?
True
Is 10 a factor of 12240?
True
Is 18050 a multiple of 125?
False
Is 705 a multiple of 47?
True
Is 57 a factor of 2565?
True
Does 169 divide 3211?
True
Is 8297 a multiple of 5?
False
Does 14 divide 434?
True
Does 140 divide 31532?
False
Is 38110 a multiple of 10?
True
Is 6 a factor of 929?
False
Does 16 divide 200?
False
Is 297 a factor of 163818?
False
Is 2929 a multiple of 152?
False
Is 102 a factor of 67682?
False
Is 7 a factor of 7?
True
Does 4 divide 101?
False
Does 20 divide 1160?
True
Does 82 divide 2913?
False
Does 60 divide 5460?
True
Does 11 divide 249?
False
Is 18 a factor of 933?
False
Is 14 a factor of 182?
True
Is 12135 a multiple of 16?
False
Is 3 a factor of 72?
True
Does 2 divide 442?
True
Is 392 a multiple of 39?
False
Is 26 a factor of 6370?
True
Is 37 a factor of 2775?
True
Does 27 divide 27?
True
Does 16 divide 382?
False
Is 96 a factor of 1080?
False
Is 2604 a multiple of 84?
True
Is 22 a factor of 624?
False
Does 19 divide 2755?
True
Does 79 divide 869?
True
Is 11 a factor of 514?
False
Is 89 a factor of 4551?
False
Does 46 divide 53577?
False
Is 4559 a multiple of 326?
False
Does 9 divide 2934?
True
Does 10 divide 5901?
False
Does 82 divide 2704?
False
Is 15 a factor of 945?
True
Is 18648 a multiple of 7?
True
Does 2 divide 28?
True
Is 2016 a multiple of 14?
True
Is 27 a factor of 24504?
False
Is 290 a multiple of 145?
True
Is 81 a multiple of 3?
True
Is 1824 a multiple of 4?
True
Does 206 divide 3502?
True
Is 19 a factor of 1824?
True
Does 12 divide 4368?
True
Is 5692 a multiple of 3?
False
Is 13 a factor of 105920?
False
Does 32 divide 1190?
False
Is 7 a factor of 391?
False
Is 11 a factor of 1265?
True
Is 37 a factor of 1369?
True
Is 3141 a multiple of 31?
False
Is 105 a factor of 4200?
True
Is 26 a factor of 11492?
True
Does 20 divide 8140?
True
Is 398 even?
True
Does 62 divide 1922?
True
Is 6 a factor of 208?
False
Is 20 a factor of 706?
False
Is 160 a factor of 489?
False
Does 3 divide 5901?
True
Is 118 a factor of 1079?
False
Is 27 a factor of 1512?
True
Is 70 a factor of 8960?
True
Is 13 a factor of 26494?
True
Does 72 divide 1757?
False
Is 4332 a multiple of 73?
False
Is 69 a factor of 552?
True
Does 16 divide 10156?
False
Does 94 divide 6074?
False
Is 15 a factor of 9834?
False
Is 9 a factor of 26?
False
Does 14 divide 34037?
False
Is 32 a factor of 17481?
False
Is 39 a factor of 21817?
False
Does 155 divide 17256?
False
Does 22 divide 846?
False
Is 4935 a multiple of 11?
False
Does 4 divide 73?
False
Is 54 a factor of 22410?
True
Is 12568 a multiple of 8?
True
Does 50 divide 950?
True
Is 114 a factor of 6750?
False
Does 51 divide 12800?
False
Is 1231 a multiple of 15?
False
Is 26 a factor of 20826?
True
Is 67683 a multiple of 293?
True
Is 1125 a multiple of 15?
True
Is 38 a factor of 532?
True
Does 31 divide 403?
True
Is 116 a factor of 10434?
False
Does 109 divide 4687?
True
Is 6962 a multiple of 19?
False
Is 86 a factor of 32040?
False
Does 94 divide 5662?
False
Does 110 divide 23760?
True
Is 2391 a multiple of 82?
False
Does 17 divide 18948?
False
Is 5789 a multiple of 6?
False
Is 116130 a multiple of 62?
False
Does 3 divide 169?
False
Is 85624 a multiple of 22?
True
Is 12 a factor of 137341?
False
Is 13 a factor of 338?
True
Does 42 divide 21969?
False
Is 11 a factor of 2435?
False
Is 4579 a multiple of 11?
False
Is 13765 a multiple of 4?
False
Is 73 a factor of 7373?
True
Is 102 a factor of 25970?
False
Does 56 divide 448?
True
Does 23 divide 40514?
False
Does 7 divide 1507?
False
Does 87 divide 34800?
True
Is 2 a factor of 70?
True
Does 23 divide 545?
False
Is 210 a multiple of 42?
True
Is 14 a factor of 141512?
True
Does 7 divide 259?
True
Does 44 divide 44?
True
Does 20 divide 1990?
False
Is 2603 a multiple of 93?
False
Is 15 a factor of 1560?
True
Is 4238 a multiple of 2?
True
Does 13 divide 728?
True
Is 15 a factor of 18666?
False
Is 280 a factor of 31360?
True
Does 39 divide 195?
True
Does 39 divide 1755?
True
Is 19601 a multiple of 41?
False
Is 1566 a multiple of 5?
False
Is 6 a factor of 162?
True
Is 1465 a multiple of 14?
False
Is 45 a factor of 135?
True
Does 13 divide 260?
True
Is 111 a multiple of 37?
True
Is 458 a factor of 51296?
True
Is 236 a factor of 85133?
False
Does 110 divide 40898?
False
Is 24857 a multiple of 167?
False
Is 270 a multiple of 5?
True
Does 24 divide 408?
True
Does 27 divide 959?
False
Is 54 a factor of 8522?
False
Is 142 a factor of 4880?
False
Is 185 a factor of 4730?
False
Is 7931 a multiple of 7?
True
Does 126 divide 20994?
False
Is 1585 a multiple of 3?
False
Is 91 a multiple of 3?
False
Is 258 a factor of 164862?
True
Does 5 divide 30434?
False
Does 100 divide 4930?
False
Is 164 a factor of 35941?
False
Does 10 divide 40626?
False
Does 32 divide 41408?
True
Does 137 divide 6715?
False
Is 9 a factor of 720?
True
Is 43 a factor of 989?
True
Does 133 divide 6534?
False
Is 14 a factor of 1613?
False
Does 21 divide 23982?
True
Is 58 a factor of 317?
False
Does 7 divide 112?
True
Does 13 divide 197?
False
Is 6684 a multiple of 119?
False
Does 122 divide 23790?
True
Does 96 divide 7369?
False
Does 129 divide 2083?
False
Is 10 a factor of 217?
False
Is 24 a factor of 1320?
True
Is 25080 a multiple of 264?
True
Is 25 a factor of 4675?
True
Does 6 divide 14428?
False
Is 11 a factor of 6446?
True
Is 116 a factor of 42615?
False
Is 42399 a multiple of 55?
False
Is 3145 a multiple of 17?
True
Is 21529 a multiple of 3?
False
Is 44 a multiple of 22?
True
Is 36 a multiple of 36?
True
Is 13 a factor of 689?
True
Is 11760 a multiple of 15?
True
Is 90 a factor of 21965?
False
Does 79 divide 54286?
False
Is 37 a factor of 3407?
False
Is 1970 a multiple of 19?
False
Is 6 a factor of 156?
True
Is 84 a factor of 57524?
False
Is 116365 a multiple of 21?
False
Is 64 a multiple of 2?
True
Is 100 a multiple of 14?
False
Is 2213 a multiple of 4?
False
Is 105 a factor of 35910?
True
Is 792 a multiple of 4?
True
Is 43544 a multiple of 49?
False
Is 2 a factor of 2756?
True
Does 112 divide 66416?
True
Does 9 divide 32994?
True
Is 4312 a multiple of 14?
True
Is 9306 a multiple of 6?
True
Is 42 a factor of 55860?
True
Is 13 a factor of 3588?
True
Is 13 a factor of 18549?
False
Is 883 a multiple of 28?
False
Is 195 a factor of 113487?
False
Is 6833 a multiple of 6?
False
Does 3 divide 10650?
True
Does 80 divide 2383?
False
Is 9 a factor of 26?
False
Is 248 a multiple of 31?
True
Is 4149 a multiple of 20?
False
Is 37 a factor of 1110?
True
Does 13 divide 164?
False
Is 27 a factor of 624?
False
Is 72 a multiple of 12?
True
Does 49 divide 1127?
True
Is 20 a factor of 712?
False
Is 5 a factor of 7861?
False
Does 12 divide 4055?
False
Does 73 divide 3723?
True
Is 51600 a multiple of 32?
False
Is 5530 a multiple of 8?
False
Does 81 divide 1053?
True
Is 3818 a multiple of 83?
True
Is 11542 a multiple of 9?
False
Is 62 a factor of 6696?
True
Is 1264 a multiple of 8?
True
Is 169 a factor of 14534?
True
Does 24 divide 2136?
True
Is 113 a factor of 6328?
True
Is 1820 a multiple of 35?
True
Is 196 a factor of 27518?
False
Is 7316 a multiple of 70?
False
Is 8 a factor of 47?
False
Does 2 divide 72?
True
Does 3 divide 699?
True
Is 15 a factor of 2430?
True
Is 2621 a multiple of 49?
False
Is 2205 a multiple of 7?
True
Is 21 a factor of 987?
True
Does 63 divide 34496?
False
Is 10 a factor of 5